62.
38
What is the greatest common divisor of 23925 and 2145?
165
What is the greatest common divisor of 694 and 80851?
347
What is the greatest common divisor of 105587 and 136?
17
What is the greatest common divisor of 18306 and 318?
6
Calculate the highest common factor of 704 and 151932.
44
Calculate the highest common factor of 4331 and 1207.
71
What is the highest common divisor of 62 and 5717392?
62
Calculate the highest common factor of 19723 and 4477.
121
What is the highest common divisor of 3170 and 3130?
10
What is the highest common divisor of 21669 and 279?
93
What is the highest common divisor of 35982 and 6?
6
What is the highest common factor of 34222 and 710?
142
Calculate the greatest common divisor of 70 and 662522.
14
What is the highest common factor of 589576 and 104?
104
Calculate the highest common divisor of 3813 and 6027.
123
What is the greatest common factor of 474 and 21401574?
474
What is the greatest common factor of 15750 and 360?
90
What is the highest common divisor of 58 and 1098926?
58
What is the highest common divisor of 730 and 1960?
10
What is the highest common factor of 1044900 and 81?
81
What is the highest common factor of 31 and 212629?
31
Calculate the greatest common factor of 39866 and 62.
62
What is the greatest common factor of 9395 and 35?
5
What is the greatest common factor of 2893860 and 552?
276
Calculate the highest common factor of 139434 and 153.
51
Calculate the highest common divisor of 291789 and 15453.
909
What is the greatest common factor of 97636 and 308?
308
What is the highest common factor of 5580 and 180?
180
Calculate the greatest common divisor of 29828 and 12.
4
Calculate the greatest common factor of 2509800 and 30.
30
What is the greatest common factor of 240634 and 474?
158
What is the highest common divisor of 10465 and 247975?
455
Calculate the highest common divisor of 742 and 86549.
53
Calculate the greatest common factor of 7155360 and 2880.
1440
What is the greatest common factor of 158 and 4832?
2
What is the greatest common divisor of 154 and 17066?
14
Calculate the greatest common divisor of 71469 and 1539.
27
Calculate the highest common factor of 111776 and 1792.
224
What is the highest common divisor of 1768 and 11271?
221
What is the highest common divisor of 4 and 15668?
4
Calculate the greatest common divisor of 441 and 3717.
63
What is the greatest common divisor of 3971 and 96767?
209
Calculate the greatest common divisor of 108 and 70152.
12
What is the greatest common factor of 14546 and 70?
14
Calculate the highest common divisor of 10068 and 1.
1
Calculate the greatest common factor of 5568 and 693912.
696
What is the greatest common factor of 2869 and 1349?
19
What is the highest common divisor of 76 and 61237?
19
Calculate the highest common factor of 33864 and 714.
102
What is the highest common divisor of 425 and 1462?
17
Calculate the highest common factor of 864 and 872.
8
Calculate the greatest common divisor of 2786 and 7562.
398
Calculate the highest common factor of 3474 and 954.
18
Calculate the highest common divisor of 95776 and 41.
41
What is the highest common factor of 5828 and 301816?
124
What is the highest common divisor of 12 and 3012?
12
What is the highest common divisor of 239747 and 47?
47
Calculate the greatest common factor of 570 and 228342.
114
Calculate the greatest common divisor of 16 and 714062.
2
What is the greatest common divisor of 7 and 27433?
7
What is the highest common factor of 554 and 922?
2
Calculate the greatest common factor of 5 and 255.
5
Calculate the highest common divisor of 360351 and 27.
9
Calculate the greatest common divisor of 1856 and 14906.
58
What is the highest common divisor of 1884 and 2433186?
942
Calculate the highest common divisor of 318839 and 291.
97
What is the greatest common factor of 1 and 1262?
1
What is the greatest common factor of 14 and 193774?
14
What is the greatest common factor of 7012939 and 934?
467
What is the highest common factor of 198 and 608784?
66
What is the greatest common factor of 14 and 212149?
7
What is the highest common factor of 9125 and 3250?
125
Calculate the greatest common factor of 84 and 3614828.
28
What is the highest common divisor of 135 and 513972?
27
What is the highest common factor of 1552 and 2813?
97
What is the highest common factor of 260 and 6220?
20
Calculate the highest common divisor of 785 and 20.
5
Calculate the greatest common factor of 72216 and 104.
8
What is the highest common factor of 6080 and 3230?
190
Calculate the greatest common factor of 26 and 183703.
13
Calculate the greatest common factor of 3702 and 1074.
6
Calculate the highest common factor of 228936 and 24.
24
What is the highest common divisor of 116 and 383612?
116
Calculate the greatest common factor of 3458 and 4978.
38
Calculate the highest common factor of 1486 and 10.
2
What is the greatest common divisor of 1242 and 9153954?
414
Calculate the greatest common divisor of 4982994 and 3.
3
What is the highest common factor of 9 and 148221?
9
Calculate the greatest common factor of 12826 and 5445.
121
Calculate the greatest common factor of 38 and 96938.
38
Calculate the highest common divisor of 88317 and 54.
27
What is the greatest common factor of 142275 and 8925?
525
Calculate the greatest common factor of 2592 and 21024.
288
What is the highest common divisor of 1572 and 448806?
786
What is the greatest common factor of 5775 and 2915?
55
Calculate the greatest common divisor of 19 and 15371.
19
What is the highest common divisor of 14355 and 580?
145
What is the greatest common factor of 393 and 24104?
131
What is the highest common factor of 9 and 6141?
3
What is the highest common factor of 250 and 3169750?
250
Calculate the highest common factor of 1196 and 1476.
4
Calculate the greatest common divisor of 624 and 112788.
156
Calculate the highest common divisor of 4557 and 2.
1
What is the greatest common divisor of 16269 and 34782?
561
Calculate the highest common factor of 178 and 1076188.
178
Calculate the greatest common factor of 70 and 140665.
35
What is the greatest common factor of 1215 and 35721?
243
Calculate the highest common divisor of 46 and 7857030.
46
What is the highest common factor of 96 and 80016?
48
Calculate the highest common factor of 69 and 3128.
23
Calculate the greatest common divisor of 1253553 and 21.
21
Calculate the greatest common divisor of 23506 and 506.
46
Calculate the highest common divisor of 1330 and 3220.
70
Calculate the greatest common factor of 4830 and 582.
6
What is the highest common divisor of 33096 and 4088?
56
Calculate the highest common divisor of 3935 and 250.
5
Calculate the greatest common factor of 22 and 729542.
22
Calculate the highest common factor of 108 and 642087.
27
What is the greatest common divisor of 37620 and 200?
20
Calculate the highest common factor of 2587 and 11741.
199
Calculate the greatest common factor of 130019 and 1.
1
Calculate the highest common factor of 30 and 405090.
30
Calculate the highest common factor of 414 and 605736.
18
Calculate the highest common divisor of 627 and 10830.
57
Calculate the greatest common divisor of 5264 and 218268.
188
Calculate the highest common factor of 18296 and 856.
8
Calculate the greatest common divisor of 205 and 14801.
41
Calculate the highest common divisor of 3092 and 60.
4
Calculate the highest common divisor of 16125 and 3999.
129
What is the greatest common factor of 7729372 and 28?
28
What is the highest common factor of 9346050 and 805?
805
Calculate the highest common factor of 2350 and 189034.
94
What is the highest common factor of 17035 and 10?
5
Calculate the highest common factor of 47191 and 41.
41
Calculate the greatest common factor of 51 and 989927.
17
What is the greatest common factor of 378 and 144270?
126
What is the highest common divisor of 3053527 and 619?
619
Calculate the greatest common factor of 20867 and 53207.
77
What is the greatest common factor of 2784 and 47712?
96
What is the highest common divisor of 1935 and 979626?
129
What is the greatest common factor of 820 and 8565?
5
Calculate the highest common factor of 9000 and 2016.
72
Calculate the greatest common factor of 7560 and 865.
5
What is t